{"id":29,"date":"2021-05-31T14:34:15","date_gmt":"2021-05-31T14:34:15","guid":{"rendered":"https:\/\/www.tvrzmladejovice.cz\/?page_id=29"},"modified":"2023-04-30T09:44:34","modified_gmt":"2023-04-30T09:44:34","slug":"oteviraci-doba","status":"publish","type":"page","link":"https:\/\/www.tvrzmladejovice.cz\/index.php\/pro-navstevniky\/oteviraci-doba\/","title":{"rendered":"Otev\u00edrac\u00ed doba"},"content":{"rendered":"\n<p>Na\u0161i tvrz m\u016f\u017eete po dobu rekonstruk\u010dn\u00edch prac\u00ed nav\u0161t\u00edvit po p\u0159edchoz\u00ed domluv\u011b kdykoliv.<\/p>\n\n\n\n<p>Provedeme V\u00e1s stavbou s v\u00fdkladem k historii tvrze i jej\u00ed rekonstrukci.<\/p>\n","protected":false},"excerpt":{"rendered":"<p>Na\u0161i tvrz m\u016f\u017eete po dobu rekonstruk\u010dn\u00edch prac\u00ed nav\u0161t\u00edvit po p\u0159edchoz\u00ed domluv\u011b kdykoliv. Provedeme V\u00e1s stavbou s v\u00fdkladem k historii tvrze i jej\u00ed rekonstrukci.<\/p>\n","protected":false},"author":2,"featured_media":0,"parent":11,"menu_order":0,"comment_status":"closed","ping_status":"closed","template":"","meta":{"iawp_total_views":672,"footnotes":""},"class_list":["post-29","page","type-page","status-publish","hentry"],"yoast_head":"<!-- This site is optimized with the Yoast SEO plugin v27.4 - https:\/\/yoast.com\/product\/yoast-seo-wordpress\/ -->\n<title>Otev\u00edrac\u00ed doba - Mlad\u011bjovice Mansion<\/title>\n<meta name=\"robots\" content=\"index, follow, max-snippet:-1, max-image-preview:large, max-video-preview:-1\" \/>\n<link rel=\"canonical\" href=\"https:\/\/www.tvrzmladejovice.cz\/index.php\/pro-navstevniky\/oteviraci-doba\/\" \/>\n<meta property=\"og:locale\" content=\"cs_CZ\" \/>\n<meta property=\"og:type\" content=\"article\" \/>\n<meta property=\"og:title\" content=\"Otev\u00edrac\u00ed doba - Mlad\u011bjovice Mansion\" \/>\n<meta property=\"og:description\" content=\"Na\u0161i tvrz m\u016f\u017eete po dobu rekonstruk\u010dn\u00edch prac\u00ed nav\u0161t\u00edvit po p\u0159edchoz\u00ed domluv\u011b kdykoliv. Provedeme V\u00e1s stavbou s v\u00fdkladem k historii tvrze i jej\u00ed rekonstrukci.\" \/>\n<meta property=\"og:url\" content=\"https:\/\/www.tvrzmladejovice.cz\/index.php\/pro-navstevniky\/oteviraci-doba\/\" \/>\n<meta property=\"og:site_name\" content=\"Mlad\u011bjovice Mansion\" \/>\n<meta property=\"article:modified_time\" content=\"2023-04-30T09:44:34+00:00\" \/>\n<meta name=\"twitter:card\" content=\"summary_large_image\" \/>\n<script type=\"application\/ld+json\" class=\"yoast-schema-graph\">{\"@context\":\"https:\\\/\\\/schema.org\",\"@graph\":[{\"@type\":\"WebPage\",\"@id\":\"https:\\\/\\\/www.tvrzmladejovice.cz\\\/index.php\\\/pro-navstevniky\\\/oteviraci-doba\\\/\",\"url\":\"https:\\\/\\\/www.tvrzmladejovice.cz\\\/index.php\\\/pro-navstevniky\\\/oteviraci-doba\\\/\",\"name\":\"Otev\u00edrac\u00ed doba - Mlad\u011bjovice Mansion\",\"isPartOf\":{\"@id\":\"https:\\\/\\\/www.tvrzmladejovice.cz\\\/#website\"},\"datePublished\":\"2021-05-31T14:34:15+00:00\",\"dateModified\":\"2023-04-30T09:44:34+00:00\",\"breadcrumb\":{\"@id\":\"https:\\\/\\\/www.tvrzmladejovice.cz\\\/index.php\\\/pro-navstevniky\\\/oteviraci-doba\\\/#breadcrumb\"},\"inLanguage\":\"cs\",\"potentialAction\":[{\"@type\":\"ReadAction\",\"target\":[\"https:\\\/\\\/www.tvrzmladejovice.cz\\\/index.php\\\/pro-navstevniky\\\/oteviraci-doba\\\/\"]}]},{\"@type\":\"BreadcrumbList\",\"@id\":\"https:\\\/\\\/www.tvrzmladejovice.cz\\\/index.php\\\/pro-navstevniky\\\/oteviraci-doba\\\/#breadcrumb\",\"itemListElement\":[{\"@type\":\"ListItem\",\"position\":1,\"name\":\"Dom\u016f\",\"item\":\"https:\\\/\\\/www.tvrzmladejovice.cz\\\/\"},{\"@type\":\"ListItem\",\"position\":2,\"name\":\"Pro n\u00e1v\u0161t\u011bvn\u00edky\",\"item\":\"https:\\\/\\\/www.tvrzmladejovice.cz\\\/index.php\\\/pro-navstevniky\\\/\"},{\"@type\":\"ListItem\",\"position\":3,\"name\":\"Otev\u00edrac\u00ed doba\"}]},{\"@type\":\"WebSite\",\"@id\":\"https:\\\/\\\/www.tvrzmladejovice.cz\\\/#website\",\"url\":\"https:\\\/\\\/www.tvrzmladejovice.cz\\\/\",\"name\":\"Mlad\u011bjovice Mansion\",\"description\":\"Historie a sou\u010dasnost pozdn\u011b gotick\u00e9ho s\u00eddla\",\"publisher\":{\"@id\":\"https:\\\/\\\/www.tvrzmladejovice.cz\\\/#organization\"},\"potentialAction\":[{\"@type\":\"SearchAction\",\"target\":{\"@type\":\"EntryPoint\",\"urlTemplate\":\"https:\\\/\\\/www.tvrzmladejovice.cz\\\/?s={search_term_string}\"},\"query-input\":{\"@type\":\"PropertyValueSpecification\",\"valueRequired\":true,\"valueName\":\"search_term_string\"}}],\"inLanguage\":\"cs\"},{\"@type\":\"Organization\",\"@id\":\"https:\\\/\\\/www.tvrzmladejovice.cz\\\/#organization\",\"name\":\"Mlad\u011bjovice Mansion\",\"url\":\"https:\\\/\\\/www.tvrzmladejovice.cz\\\/\",\"logo\":{\"@type\":\"ImageObject\",\"inLanguage\":\"cs\",\"@id\":\"https:\\\/\\\/www.tvrzmladejovice.cz\\\/#\\\/schema\\\/logo\\\/image\\\/\",\"url\":\"https:\\\/\\\/www.tvrzmladejovice.cz\\\/wp-content\\\/uploads\\\/2023\\\/04\\\/znak_barva.png\",\"contentUrl\":\"https:\\\/\\\/www.tvrzmladejovice.cz\\\/wp-content\\\/uploads\\\/2023\\\/04\\\/znak_barva.png\",\"width\":1257,\"height\":1635,\"caption\":\"Mlad\u011bjovice Mansion\"},\"image\":{\"@id\":\"https:\\\/\\\/www.tvrzmladejovice.cz\\\/#\\\/schema\\\/logo\\\/image\\\/\"}}]}<\/script>\n<!-- \/ Yoast SEO plugin. -->","yoast_head_json":{"title":"Otev\u00edrac\u00ed doba - Mlad\u011bjovice Mansion","robots":{"index":"index","follow":"follow","max-snippet":"max-snippet:-1","max-image-preview":"max-image-preview:large","max-video-preview":"max-video-preview:-1"},"canonical":"https:\/\/www.tvrzmladejovice.cz\/index.php\/pro-navstevniky\/oteviraci-doba\/","og_locale":"cs_CZ","og_type":"article","og_title":"Otev\u00edrac\u00ed doba - Mlad\u011bjovice Mansion","og_description":"Na\u0161i tvrz m\u016f\u017eete po dobu rekonstruk\u010dn\u00edch prac\u00ed nav\u0161t\u00edvit po p\u0159edchoz\u00ed domluv\u011b kdykoliv. Provedeme V\u00e1s stavbou s v\u00fdkladem k historii tvrze i jej\u00ed rekonstrukci.","og_url":"https:\/\/www.tvrzmladejovice.cz\/index.php\/pro-navstevniky\/oteviraci-doba\/","og_site_name":"Mlad\u011bjovice Mansion","article_modified_time":"2023-04-30T09:44:34+00:00","twitter_card":"summary_large_image","schema":{"@context":"https:\/\/schema.org","@graph":[{"@type":"WebPage","@id":"https:\/\/www.tvrzmladejovice.cz\/index.php\/pro-navstevniky\/oteviraci-doba\/","url":"https:\/\/www.tvrzmladejovice.cz\/index.php\/pro-navstevniky\/oteviraci-doba\/","name":"Otev\u00edrac\u00ed doba - Mlad\u011bjovice Mansion","isPartOf":{"@id":"https:\/\/www.tvrzmladejovice.cz\/#website"},"datePublished":"2021-05-31T14:34:15+00:00","dateModified":"2023-04-30T09:44:34+00:00","breadcrumb":{"@id":"https:\/\/www.tvrzmladejovice.cz\/index.php\/pro-navstevniky\/oteviraci-doba\/#breadcrumb"},"inLanguage":"cs","potentialAction":[{"@type":"ReadAction","target":["https:\/\/www.tvrzmladejovice.cz\/index.php\/pro-navstevniky\/oteviraci-doba\/"]}]},{"@type":"BreadcrumbList","@id":"https:\/\/www.tvrzmladejovice.cz\/index.php\/pro-navstevniky\/oteviraci-doba\/#breadcrumb","itemListElement":[{"@type":"ListItem","position":1,"name":"Dom\u016f","item":"https:\/\/www.tvrzmladejovice.cz\/"},{"@type":"ListItem","position":2,"name":"Pro n\u00e1v\u0161t\u011bvn\u00edky","item":"https:\/\/www.tvrzmladejovice.cz\/index.php\/pro-navstevniky\/"},{"@type":"ListItem","position":3,"name":"Otev\u00edrac\u00ed doba"}]},{"@type":"WebSite","@id":"https:\/\/www.tvrzmladejovice.cz\/#website","url":"https:\/\/www.tvrzmladejovice.cz\/","name":"Mlad\u011bjovice Mansion","description":"Historie a sou\u010dasnost pozdn\u011b gotick\u00e9ho s\u00eddla","publisher":{"@id":"https:\/\/www.tvrzmladejovice.cz\/#organization"},"potentialAction":[{"@type":"SearchAction","target":{"@type":"EntryPoint","urlTemplate":"https:\/\/www.tvrzmladejovice.cz\/?s={search_term_string}"},"query-input":{"@type":"PropertyValueSpecification","valueRequired":true,"valueName":"search_term_string"}}],"inLanguage":"cs"},{"@type":"Organization","@id":"https:\/\/www.tvrzmladejovice.cz\/#organization","name":"Mlad\u011bjovice Mansion","url":"https:\/\/www.tvrzmladejovice.cz\/","logo":{"@type":"ImageObject","inLanguage":"cs","@id":"https:\/\/www.tvrzmladejovice.cz\/#\/schema\/logo\/image\/","url":"https:\/\/www.tvrzmladejovice.cz\/wp-content\/uploads\/2023\/04\/znak_barva.png","contentUrl":"https:\/\/www.tvrzmladejovice.cz\/wp-content\/uploads\/2023\/04\/znak_barva.png","width":1257,"height":1635,"caption":"Mlad\u011bjovice Mansion"},"image":{"@id":"https:\/\/www.tvrzmladejovice.cz\/#\/schema\/logo\/image\/"}}]}},"_links":{"self":[{"href":"https:\/\/www.tvrzmladejovice.cz\/index.php\/wp-json\/wp\/v2\/pages\/29","targetHints":{"allow":["GET"]}}],"collection":[{"href":"https:\/\/www.tvrzmladejovice.cz\/index.php\/wp-json\/wp\/v2\/pages"}],"about":[{"href":"https:\/\/www.tvrzmladejovice.cz\/index.php\/wp-json\/wp\/v2\/types\/page"}],"author":[{"embeddable":true,"href":"https:\/\/www.tvrzmladejovice.cz\/index.php\/wp-json\/wp\/v2\/users\/2"}],"replies":[{"embeddable":true,"href":"https:\/\/www.tvrzmladejovice.cz\/index.php\/wp-json\/wp\/v2\/comments?post=29"}],"version-history":[{"count":1,"href":"https:\/\/www.tvrzmladejovice.cz\/index.php\/wp-json\/wp\/v2\/pages\/29\/revisions"}],"predecessor-version":[{"id":2392,"href":"https:\/\/www.tvrzmladejovice.cz\/index.php\/wp-json\/wp\/v2\/pages\/29\/revisions\/2392"}],"up":[{"embeddable":true,"href":"https:\/\/www.tvrzmladejovice.cz\/index.php\/wp-json\/wp\/v2\/pages\/11"}],"wp:attachment":[{"href":"https:\/\/www.tvrzmladejovice.cz\/index.php\/wp-json\/wp\/v2\/media?parent=29"}],"curies":[{"name":"wp","href":"https:\/\/api.w.org\/{rel}","templated":true}]}}